{"id":4,"date":"2018-01-08T09:22:23","date_gmt":"2018-01-08T09:22:23","guid":{"rendered":"https:\/\/djendriu.pl\/home"},"modified":"2019-06-01T19:16:37","modified_gmt":"2019-06-01T17:16:37","slug":"home","status":"publish","type":"page","link":"https:\/\/djendriu.pl\/","title":{"rendered":"Home"},"content":{"rendered":"<p><section class=\"fw-main-row  ls section_padding_top_40 section_padding_bottom_25 columns_padding_15 table_section table_section_md\" >\n\t\t<div class=\"container\">\n\t\t<div class=\"row\">\n\t\t\t\n    <div class=\"col-md-6 col-md-push-6 text-center\" >\n        <img decoding=\"async\" src=\"\/\/djendriu.pl\/wp-content\/uploads\/2019\/06\/Targi.jpg\" alt=\"\/\/djendriu.pl\/wp-content\/uploads\/2019\/06\/Targi.jpg\" \/>    <\/div>\n\n\n\n    <div class=\"col-md-6 col-md-pull-6\" >\n        \n\t<h6 class=\" section_header \">\n\t<span class=\"highlight  \">\n\t\tO mnie\t<\/span>\n\t<\/h6>\n\n\t<h2 class=\" section_header \">\n\t<span class=\"  \">\n\t\tInfo\/Bio\t<\/span>\n\t<\/h2>\n\n\t<p class=\" fontsize_20 aboveheading\">\n\t<span class=\"  \">\n\t\t\t<\/span>\n\t<\/p>\n<p><h1>Muzyka od zawsze by\u0142a i jest moj\u0105 najwi\u0119ksz\u0105 pasj\u0105.<\/h1><p>Po\u0142\u0105czenie pracy z pasj\u0105 to najlepszy mix, kt\u00f3ry sprawia, \u017ce ka\u017cde przyj\u0119cie weselne, studni\u00f3wka, urodziny czy te\u017c event firmowy b\u0119dzie Twoim niezapomnianym prze\u017cyciem.<\/p><p>Jestem w pe\u0142ni profesjonalnym, do\u015bwiadczonym DJ-jem . Od lat pracuje w bran\u017cy eventowej i wiem, co zrobi\u0107 \u017ceby Twoja impreza by\u0142a niepowtarzalna, wyj\u0105tkowa i zapad\u0142a w pami\u0119ci wszystkim go\u015bciom.<\/p><p>Moim g\u0142\u00f3wnym celem jest dobra zabawa i \u201ewci\u0105gni\u0119cie\u201d wszystkich na parkiet, dlatego te\u017c repertuar podczas imprezy dobierany jest indywidualnie do go\u015bci, bowiem to oni s\u0105 najwa\u017cniejsi. Na bie\u017c\u0105co zza konsolety kontroluje ca\u0142y parkiet, nigdy nie dopuszczaj\u0105c do tego, aby \u015bwieci\u0142 on pustkami. Pe\u0142en parkiet to znak znakomitej zabawy, a to w\u0142a\u015bnie jestem w stanie Pa\u0144stwu zagwarantowa\u0107.<\/p>\n    <div class=\"fw-divider-space \"\n\t\t            style=\"padding-top: 10px;\"\n\t\t    ><\/div>\n\n<div class=\"   inline-content\">\n<p><span class=\"small-text\">\u015aled\u017a mnie:<\/span><\/p><div class=\"social-icons\">\n\t\t\t<a href=\"http:\/\/facebook.com\/djendriu\"\n\t\t   class=\"social-icon socicon-facebook \"><\/a>\n\t<\/div>\n\n<\/div>\n    <\/div>\n\n\n\t\t<\/div>\n\t<\/div>\n<\/section>\n<section class=\"fw-main-row  ls section_padding_top_65 section_padding_bottom_0 columns_padding_0 columns_margin_top_0 columns_margin_bottom_0\"  id=\"gallery\">\n\t\t<div class=\"container-fluid\">\n\t\t<div class=\"row\">\n\t\t\t\n    <div class=\"col-xs-12\" >\n        <div id=\"widget_portfolio_carousel_69f33f6b3d2a1\"\n     class=\"owl-carousel gallery-carousel owl-center-scale gallery-carousel\"\n     data-nav=\"true\"\n              data-center=\"true\"\n         data-loop=\"true\"\n          data-margin=\"0\"\n     data-responsive-xxs=\"1\"\n     data-responsive-xs=\"2\"\n     data-responsive-sm=\"3\"\n     data-responsive-md=\"4\"\n     data-responsive-lg=\"6\"\n\t    >\n        <div class=\"owl-carousel-item item-layout-item-image \">\n\t\t<div class=\"vertical-item gallery-item content-absolute text-center\">\n\t\t\t<div class=\"item-media\">\n\t\t\t<img loading=\"lazy\" decoding=\"async\" width=\"780\" height=\"780\" src=\"https:\/\/djendriu.pl\/wp-content\/uploads\/2020\/09\/Taniec-w-chmurach-1-780x780.jpg\" class=\"attachment-acebeat-square-width size-acebeat-square-width wp-post-image\" alt=\"\" srcset=\"https:\/\/djendriu.pl\/wp-content\/uploads\/2020\/09\/Taniec-w-chmurach-1-780x780.jpg 780w, https:\/\/djendriu.pl\/wp-content\/uploads\/2020\/09\/Taniec-w-chmurach-1-150x150.jpg 150w, https:\/\/djendriu.pl\/wp-content\/uploads\/2020\/09\/Taniec-w-chmurach-1-600x600.jpg 600w, https:\/\/djendriu.pl\/wp-content\/uploads\/2020\/09\/Taniec-w-chmurach-1-100x100.jpg 100w\" sizes=\"(max-width: 780px) 100vw, 780px\" \/>\t\t\t<div class=\"media-links\">\n\t\t\t\t<div class=\"links-wrap\">\n\t\t\t\t\t<a class=\"p-view prettyPhoto\"\n\t\t\t\t\t   data-gal=\"prettyPhoto[gal-69f33f6b3d2a1]\"\n\t\t\t\t\t   href=\"https:\/\/djendriu.pl\/wp-content\/uploads\/2020\/09\/Taniec-w-chmurach-1-scaled.jpg\"><\/a>\n\t\t\t\t<\/div>\n\t\t\t<\/div>\n\t\t<\/div>\n\t<\/div>    <\/div>\n\t    <div class=\"owl-carousel-item item-layout-item-image \">\n\t\t<div class=\"vertical-item gallery-item content-absolute text-center\">\n\t\t\t<div class=\"item-media\">\n\t\t\t<img loading=\"lazy\" decoding=\"async\" width=\"631\" height=\"579\" src=\"https:\/\/djendriu.pl\/wp-content\/uploads\/2019\/06\/Mi\u0119dzywodzie.jpg\" class=\"attachment-acebeat-square-width size-acebeat-square-width wp-post-image\" alt=\"\" srcset=\"https:\/\/djendriu.pl\/wp-content\/uploads\/2019\/06\/Mi\u0119dzywodzie.jpg 631w, https:\/\/djendriu.pl\/wp-content\/uploads\/2019\/06\/Mi\u0119dzywodzie-300x275.jpg 300w, https:\/\/djendriu.pl\/wp-content\/uploads\/2019\/06\/Mi\u0119dzywodzie-600x551.jpg 600w\" sizes=\"(max-width: 631px) 100vw, 631px\" \/>\t\t\t<div class=\"media-links\">\n\t\t\t\t<div class=\"links-wrap\">\n\t\t\t\t\t<a class=\"p-view prettyPhoto\"\n\t\t\t\t\t   data-gal=\"prettyPhoto[gal-69f33f6b3d2a1]\"\n\t\t\t\t\t   href=\"https:\/\/djendriu.pl\/wp-content\/uploads\/2019\/06\/Mi\u0119dzywodzie.jpg\"><\/a>\n\t\t\t\t<\/div>\n\t\t\t<\/div>\n\t\t<\/div>\n\t<\/div>    <\/div>\n\t    <div class=\"owl-carousel-item item-layout-item-image \">\n\t\t<div class=\"vertical-item gallery-item content-absolute text-center\">\n\t\t\t<div class=\"item-media\">\n\t\t\t<img loading=\"lazy\" decoding=\"async\" width=\"780\" height=\"780\" src=\"https:\/\/djendriu.pl\/wp-content\/uploads\/2019\/06\/59852742_467438687395835_7847556332474335232_o-780x780.jpg\" class=\"attachment-acebeat-square-width size-acebeat-square-width wp-post-image\" alt=\"\" srcset=\"https:\/\/djendriu.pl\/wp-content\/uploads\/2019\/06\/59852742_467438687395835_7847556332474335232_o-780x780.jpg 780w, https:\/\/djendriu.pl\/wp-content\/uploads\/2019\/06\/59852742_467438687395835_7847556332474335232_o-150x150.jpg 150w, https:\/\/djendriu.pl\/wp-content\/uploads\/2019\/06\/59852742_467438687395835_7847556332474335232_o-600x600.jpg 600w, https:\/\/djendriu.pl\/wp-content\/uploads\/2019\/06\/59852742_467438687395835_7847556332474335232_o-100x100.jpg 100w\" sizes=\"(max-width: 780px) 100vw, 780px\" \/>\t\t\t<div class=\"media-links\">\n\t\t\t\t<div class=\"links-wrap\">\n\t\t\t\t\t<a class=\"p-view prettyPhoto\"\n\t\t\t\t\t   data-gal=\"prettyPhoto[gal-69f33f6b3d2a1]\"\n\t\t\t\t\t   href=\"https:\/\/djendriu.pl\/wp-content\/uploads\/2019\/06\/59852742_467438687395835_7847556332474335232_o.jpg\"><\/a>\n\t\t\t\t<\/div>\n\t\t\t<\/div>\n\t\t<\/div>\n\t<\/div>    <\/div>\n\t\t<\/div>    <\/div>\n\n\n\t\t<\/div>\n\t<\/div>\n<\/section>\n<\/p>\n","protected":false},"excerpt":{"rendered":"","protected":false},"author":1,"featured_media":0,"parent":0,"menu_order":0,"comment_status":"closed","ping_status":"closed","template":"page-templates\/full-width.php","meta":{"footnotes":""},"_links":{"self":[{"href":"https:\/\/djendriu.pl\/index.php?rest_route=\/wp\/v2\/pages\/4"}],"collection":[{"href":"https:\/\/djendriu.pl\/index.php?rest_route=\/wp\/v2\/pages"}],"about":[{"href":"https:\/\/djendriu.pl\/index.php?rest_route=\/wp\/v2\/types\/page"}],"author":[{"embeddable":true,"href":"https:\/\/djendriu.pl\/index.php?rest_route=\/wp\/v2\/users\/1"}],"replies":[{"embeddable":true,"href":"https:\/\/djendriu.pl\/index.php?rest_route=%2Fwp%2Fv2%2Fcomments&post=4"}],"version-history":[{"count":1,"href":"https:\/\/djendriu.pl\/index.php?rest_route=\/wp\/v2\/pages\/4\/revisions"}],"predecessor-version":[{"id":1541,"href":"https:\/\/djendriu.pl\/index.php?rest_route=\/wp\/v2\/pages\/4\/revisions\/1541"}],"wp:attachment":[{"href":"https:\/\/djendriu.pl\/index.php?rest_route=%2Fwp%2Fv2%2Fmedia&parent=4"}],"curies":[{"name":"wp","href":"https:\/\/api.w.org\/{rel}","templated":true}]}}